{"version":"1.0","provider_name":"CREATIVE AUSTRIA \u2013 Contemporary Culture","provider_url":"https:\/\/www.creativeaustria.at\/en\/","author_name":"CREATIVE AUSTRIA","author_url":"https:\/\/www.creativeaustria.at\/en\/author\/creative-austria-redaktion\/","title":"\"David Claerbout\" \/ Ausstellung im Kunsthaus Bregenz &#187; CREATIVE AUSTRIA \u2013 Contemporary Culture","type":"rich","width":600,"height":338,"html":"<blockquote class=\"wp-embedded-content\" data-secret=\"r6lZ7fxchj\"><a href=\"https:\/\/www.creativeaustria.at\/en\/2018\/01\/04\/david-claerbout-ausstellung-im-kunsthaus-bregenz\/\">&#8220;David Claerbout&#8221; \/ Ausstellung im Kunsthaus Bregenz<\/a><\/blockquote><iframe sandbox=\"allow-scripts\" security=\"restricted\" src=\"https:\/\/www.creativeaustria.at\/en\/2018\/01\/04\/david-claerbout-ausstellung-im-kunsthaus-bregenz\/embed\/#?secret=r6lZ7fxchj\" width=\"600\" height=\"338\" title=\"&#8220;&#8220;David Claerbout&#8221; \/ Ausstellung im Kunsthaus Bregenz&#8221; &#8212; CREATIVE AUSTRIA \u2013 Contemporary Culture\" data-secret=\"r6lZ7fxchj\" frameborder=\"0\" marginwidth=\"0\" marginheight=\"0\" scrolling=\"no\" class=\"wp-embedded-content\"><\/iframe><script type=\"text\/javascript\">\n\/* <![CDATA[ *\/\n\/*! This file is auto-generated *\/\n!function(d,l){\"use strict\";l.querySelector&&d.addEventListener&&\"undefined\"!=typeof URL&&(d.wp=d.wp||{},d.wp.receiveEmbedMessage||(d.wp.receiveEmbedMessage=function(e){var t=e.data;if((t||t.secret||t.message||t.value)&&!\/[^a-zA-Z0-9]\/.test(t.secret)){for(var s,r,n,a=l.querySelectorAll('iframe[data-secret=\"'+t.secret+'\"]'),o=l.querySelectorAll('blockquote[data-secret=\"'+t.secret+'\"]'),c=new RegExp(\"^https?:$\",\"i\"),i=0;i<o.length;i++)o[i].style.display=\"none\";for(i=0;i<a.length;i++)s=a[i],e.source===s.contentWindow&&(s.removeAttribute(\"style\"),\"height\"===t.message?(1e3<(r=parseInt(t.value,10))?r=1e3:~~r<200&&(r=200),s.height=r):\"link\"===t.message&&(r=new URL(s.getAttribute(\"src\")),n=new URL(t.value),c.test(n.protocol))&&n.host===r.host&&l.activeElement===s&&(d.top.location.href=t.value))}},d.addEventListener(\"message\",d.wp.receiveEmbedMessage,!1),l.addEventListener(\"DOMContentLoaded\",function(){for(var e,t,s=l.querySelectorAll(\"iframe.wp-embedded-content\"),r=0;r<s.length;r++)(t=(e=s[r]).getAttribute(\"data-secret\"))||(t=Math.random().toString(36).substring(2,12),e.src+=\"#?secret=\"+t,e.setAttribute(\"data-secret\",t)),e.contentWindow.postMessage({message:\"ready\",secret:t},\"*\")},!1)))}(window,document);\n\/* ]]> *\/\n<\/script>\n","thumbnail_url":"https:\/\/www.creativeaustria.at\/wp-content\/uploads\/2016\/06\/David_Claerbout_The_Quiet_Shore__video_still.jpg","thumbnail_width":920,"thumbnail_height":518,"description":"14.07.\u00a0\u2013 07.10.2018; Vorarlberg. Wahrnehmung in extrem verlangsamten Bildsequenzen. \u00dcber Fotografie, Film, Ton, Zeichnung und\u00a0digitale Medien vermittelt der belgische K\u00fcnstler David Claerbout den Besuchern gegen\u00fcber das Bestreben, seine Arbeiten mit erh\u00f6hter Aufmerksamkeit zum Konsumieren. Durch seine extrem verlangsamten Bildsequenzen ist man den Entschleunigungen seiner Werke ausgeliefert und kann sich daran anpassen. In der Ausstellung gibt es [&hellip;]"}

14.07. – 07.10.2018; Vorarlberg. Wahrnehmung in extrem verlangsamten Bildsequenzen. Über Fotografie, Film, Ton, Zeichnung und digitale Medien vermittelt der belgische Künstler David Claerbout den Besuchern gegenüber das Bestreben, seine Arbeiten mit erhöhter Aufmerksamkeit zum Konsumieren. Durch seine extrem verlangsamten Bildsequenzen ist man den Entschleunigungen seiner Werke ausgeliefert und kann sich daran anpassen. In der Ausstellung gibt es [&hellip;]
