{"version":"1.0","provider_name":"CREATIVE AUSTRIA \u2013 Contemporary Culture","provider_url":"https:\/\/www.creativeaustria.at\/en\/","author_name":"CREATIVE AUSTRIA","author_url":"https:\/\/www.creativeaustria.at\/en\/author\/creative-austria-redaktion\/","title":"SUB | TEXTE - G\u00fcnther Selichar \/ Kunsthaus Graz, CA \u2013 Camera, Graz &#187; CREATIVE AUSTRIA \u2013 Contemporary Culture","type":"rich","width":600,"height":338,"html":"<blockquote class=\"wp-embedded-content\" data-secret=\"hDXAcD4bA5\"><a href=\"https:\/\/www.creativeaustria.at\/en\/2022\/08\/23\/ca-camera-austria-gunther-selichar-graz\/\">SUB | TEXTE  &#8211; G\u00fcnther Selichar \/ Kunsthaus Graz, CA \u2013 Camera, Graz<\/a><\/blockquote><iframe sandbox=\"allow-scripts\" security=\"restricted\" src=\"https:\/\/www.creativeaustria.at\/en\/2022\/08\/23\/ca-camera-austria-gunther-selichar-graz\/embed\/#?secret=hDXAcD4bA5\" width=\"600\" height=\"338\" title=\"&#8220;SUB | TEXTE  &#8211; G\u00fcnther Selichar \/ Kunsthaus Graz, CA \u2013 Camera, Graz&#8221; &#8212; CREATIVE AUSTRIA \u2013 Contemporary Culture\" data-secret=\"hDXAcD4bA5\" frameborder=\"0\" marginwidth=\"0\" marginheight=\"0\" scrolling=\"no\" class=\"wp-embedded-content\"><\/iframe><script type=\"text\/javascript\">\n\/* <![CDATA[ *\/\n\/*! This file is auto-generated *\/\n!function(d,l){\"use strict\";l.querySelector&&d.addEventListener&&\"undefined\"!=typeof URL&&(d.wp=d.wp||{},d.wp.receiveEmbedMessage||(d.wp.receiveEmbedMessage=function(e){var t=e.data;if((t||t.secret||t.message||t.value)&&!\/[^a-zA-Z0-9]\/.test(t.secret)){for(var s,r,n,a=l.querySelectorAll('iframe[data-secret=\"'+t.secret+'\"]'),o=l.querySelectorAll('blockquote[data-secret=\"'+t.secret+'\"]'),c=new RegExp(\"^https?:$\",\"i\"),i=0;i<o.length;i++)o[i].style.display=\"none\";for(i=0;i<a.length;i++)s=a[i],e.source===s.contentWindow&&(s.removeAttribute(\"style\"),\"height\"===t.message?(1e3<(r=parseInt(t.value,10))?r=1e3:~~r<200&&(r=200),s.height=r):\"link\"===t.message&&(r=new URL(s.getAttribute(\"src\")),n=new URL(t.value),c.test(n.protocol))&&n.host===r.host&&l.activeElement===s&&(d.top.location.href=t.value))}},d.addEventListener(\"message\",d.wp.receiveEmbedMessage,!1),l.addEventListener(\"DOMContentLoaded\",function(){for(var e,t,s=l.querySelectorAll(\"iframe.wp-embedded-content\"),r=0;r<s.length;r++)(t=(e=s[r]).getAttribute(\"data-secret\"))||(t=Math.random().toString(36).substring(2,12),e.src+=\"#?secret=\"+t,e.setAttribute(\"data-secret\",t)),e.contentWindow.postMessage({message:\"ready\",secret:t},\"*\")},!1)))}(window,document);\n\/* ]]> *\/\n<\/script>\n","thumbnail_url":"https:\/\/www.creativeaustria.at\/wp-content\/uploads\/2022\/11\/G\u00fcnther-Selichar-aus-N\u00e4chtliches-Realit\u00e4tenb\u00fcro-1981\u20131983.jpg","thumbnail_width":738,"thumbnail_height":491,"description":"10.12. 2022 \u2013 12.02. 2023 The Linz media artist and photographer G\u00fcnther Selichar often deals with the technological aspects of mass media in his work. The focus is often on dealing with the relationship between technology and perception. Selichar analyzes the interaction between humans and media machines. With both a scientific and a philosophical perspective, [&hellip;]"}

SUB | TEXTE - Günther Selichar / Kunsthaus Graz, CA – Camera, Graz &#187; CREATIVE AUSTRIA – Contemporary Culture

<blockquote class="wp-embedded-content" data-secret="hDXAcD4bA5"><a href="https://www.creativeaustria.at/en/2022/08/23/ca-camera-austria-gunther-selichar-graz/">SUB | TEXTE  &#8211; Günther Selichar / Kunsthaus Graz, CA – Camera, Graz</a></blockquote><iframe sandbox="allow-scripts" security="restricted" src="https://www.creativeaustria.at/en/2022/08/23/ca-camera-austria-gunther-selichar-graz/embed/#?secret=hDXAcD4bA5" width="600" height="338" title="&#8220;SUB | TEXTE  &#8211; Günther Selichar / Kunsthaus Graz, CA – Camera, Graz&#8221; &#8212; CREATIVE AUSTRIA – Contemporary Culture" data-secret="hDXAcD4bA5" frameborder="0" marginwidth="0" marginheight="0" scrolling="no" class="wp-embedded-content"></iframe><script type="text/javascript">
/* <![CDATA[ */
/*! This file is auto-generated */
!function(d,l){"use strict";l.querySelector&&d.addEventListener&&"undefined"!=typeof URL&&(d.wp=d.wp||{},d.wp.receiveEmbedMessage||(d.wp.receiveEmbedMessage=function(e){var t=e.data;if((t||t.secret||t.message||t.value)&&!/[^a-zA-Z0-9]/.test(t.secret)){for(var s,r,n,a=l.querySelectorAll('iframe[data-secret="'+t.secret+'"]'),o=l.querySelectorAll('blockquote[data-secret="'+t.secret+'"]'),c=new RegExp("^https?:$","i"),i=0;i<o.length;i++)o[i].style.display="none";for(i=0;i<a.length;i++)s=a[i],e.source===s.contentWindow&&(s.removeAttribute("style"),"height"===t.message?(1e3<(r=parseInt(t.value,10))?r=1e3:~~r<200&&(r=200),s.height=r):"link"===t.message&&(r=new URL(s.getAttribute("src")),n=new URL(t.value),c.test(n.protocol))&&n.host===r.host&&l.activeElement===s&&(d.top.location.href=t.value))}},d.addEventListener("message",d.wp.receiveEmbedMessage,!1),l.addEventListener("DOMContentLoaded",function(){for(var e,t,s=l.querySelectorAll("iframe.wp-embedded-content"),r=0;r<s.length;r++)(t=(e=s[r]).getAttribute("data-secret"))||(t=Math.random().toString(36).substring(2,12),e.src+="#?secret="+t,e.setAttribute("data-secret",t)),e.contentWindow.postMessage({message:"ready",secret:t},"*")},!1)))}(window,document);
/* ]]> */
</script>

https://www.creativeaustria.at/wp-content/uploads/2022/11/Günther-Selichar-aus-Nächtliches-Realitätenbüro-1981–1983.jpg

10.12. 2022 – 12.02. 2023 The Linz media artist and photographer Günther Selichar often deals with the technological aspects of mass media in his work. The focus is often on dealing with the relationship between technology and perception. Selichar analyzes the interaction between humans and media machines. With both a scientific and a philosophical perspective, [&hellip;]
