{"version":"1.0","provider_name":"CREATIVE AUSTRIA \u2013 Contemporary Culture","provider_url":"https:\/\/www.creativeaustria.at\/en\/","author_name":"CREATIVE AUSTRIA","author_url":"https:\/\/www.creativeaustria.at\/en\/author\/creative-austria-redaktion\/","title":"\u201eKomuna Maro\u201c \/ off_gallery &amp; raum, Graz &#187; CREATIVE AUSTRIA \u2013 Contemporary Culture","type":"rich","width":600,"height":338,"html":"<blockquote class=\"wp-embedded-content\" data-secret=\"QVQqrxaTiL\"><a href=\"https:\/\/www.creativeaustria.at\/en\/2025\/12\/04\/komuna-maro-off_gallery-raum-graz\/\">\u201eKomuna Maro\u201c \/ off_gallery &amp; raum, Graz<\/a><\/blockquote><iframe sandbox=\"allow-scripts\" security=\"restricted\" src=\"https:\/\/www.creativeaustria.at\/en\/2025\/12\/04\/komuna-maro-off_gallery-raum-graz\/embed\/#?secret=QVQqrxaTiL\" width=\"600\" height=\"338\" title=\"&#8220;\u201eKomuna Maro\u201c \/ off_gallery &amp; raum, Graz&#8221; &#8212; CREATIVE AUSTRIA \u2013 Contemporary Culture\" data-secret=\"QVQqrxaTiL\" frameborder=\"0\" marginwidth=\"0\" marginheight=\"0\" scrolling=\"no\" class=\"wp-embedded-content\"><\/iframe><script type=\"text\/javascript\">\n\/* <![CDATA[ *\/\n\/*! This file is auto-generated *\/\n!function(d,l){\"use strict\";l.querySelector&&d.addEventListener&&\"undefined\"!=typeof URL&&(d.wp=d.wp||{},d.wp.receiveEmbedMessage||(d.wp.receiveEmbedMessage=function(e){var t=e.data;if((t||t.secret||t.message||t.value)&&!\/[^a-zA-Z0-9]\/.test(t.secret)){for(var s,r,n,a=l.querySelectorAll('iframe[data-secret=\"'+t.secret+'\"]'),o=l.querySelectorAll('blockquote[data-secret=\"'+t.secret+'\"]'),c=new RegExp(\"^https?:$\",\"i\"),i=0;i<o.length;i++)o[i].style.display=\"none\";for(i=0;i<a.length;i++)s=a[i],e.source===s.contentWindow&&(s.removeAttribute(\"style\"),\"height\"===t.message?(1e3<(r=parseInt(t.value,10))?r=1e3:~~r<200&&(r=200),s.height=r):\"link\"===t.message&&(r=new URL(s.getAttribute(\"src\")),n=new URL(t.value),c.test(n.protocol))&&n.host===r.host&&l.activeElement===s&&(d.top.location.href=t.value))}},d.addEventListener(\"message\",d.wp.receiveEmbedMessage,!1),l.addEventListener(\"DOMContentLoaded\",function(){for(var e,t,s=l.querySelectorAll(\"iframe.wp-embedded-content\"),r=0;r<s.length;r++)(t=(e=s[r]).getAttribute(\"data-secret\"))||(t=Math.random().toString(36).substring(2,12),e.src+=\"#?secret=\"+t,e.setAttribute(\"data-secret\",t)),e.contentWindow.postMessage({message:\"ready\",secret:t},\"*\")},!1)))}(window,document);\n\/* ]]> *\/\n<\/script>\n","thumbnail_url":"https:\/\/www.creativeaustria.at\/wp-content\/uploads\/2025\/12\/\u00a9-Ana-Opalic-683x1024.jpg","thumbnail_width":683,"thumbnail_height":1024,"description":"11.12.2025 \u2013 23.12.2025 &amp; 13.01.2026 \u2013 29.01.2026 The exhibition, which is an artistic research project by Ana Dana Bero\u0161, Ana Jeini\u0107, Ana Opali\u0107, Federica Pessotto, Lucia Rebolino and others, presents photographs by Croatian photographer Ana Opali\u0107 and large \u2018books\u2019 with waterproof nautical charts (Portolani). The photographs show movement patterns of familiar and novel beings and [&hellip;]"}

11.12.2025 – 23.12.2025 &amp; 13.01.2026 – 29.01.2026 The exhibition, which is an artistic research project by Ana Dana Beroš, Ana Jeinić, Ana Opalić, Federica Pessotto, Lucia Rebolino and others, presents photographs by Croatian photographer Ana Opalić and large ‘books’ with waterproof nautical charts (Portolani). The photographs show movement patterns of familiar and novel beings and [&hellip;]
